-6
Let a(n) = n**2 - 7*n - 1. Determine a(11).
43
Let w(t) = 2*t**3 - 35*t**2 - 20*t + 41. Calculate w(18).
5
Let d(a) = -9*a**2 + 5*a - 8. Calculate d(2).
-34
Let w(g) = 72*g**3 - 3*g**2 - 2*g. Give w(-1).
-73
Let k(w) = -22*w + 95. Determine k(5).
-15
Let n(s) = -9*s - 27. Determine n(-4).
9
Let b(s) = -s**3 - s + 41. What is b(0)?
41
Let o(h) = -32*h**3 + 3*h**2 - 3*h + 2. Determine o(1).
-30
Let j(z) = 2*z**2 - 6*z - 7. Calculate j(5).
13
Let h(y) = y**2 - 4*y - 15. Calculate h(11).
62
Let d(c) = -26*c + 3. What is d(0)?
3
Let z(l) = -l + 18. Give z(11).
7
Let k(p) = 5*p - 8. Determine k(3).
7
Let d(l) = l**3 - l**2 - l + 3. Calculate d(3).
18
Let z(l) = 5*l + 89. Calculate z(-17).
4
Let c(o) = 13*o - 9. What is c(-3)?
-48
Let c(l) = -5*l - 7. Determine c(2).
-17
Let j(c) = -c**3 - c**2 + c + 7. Calculate j(0).
7
Let c(i) = -i**2 - 3*i - 3. Determine c(-2).
-1
Let a(d) = d**2 + 3*d + 8. Give a(-7).
36
Let o(y) = 5*y**2 - 3*y - 3. Determine o(-4).
89
Let g(i) = -i**3 + 7*i**2 + 8*i + 1. Give g(8).
1
Let s(u) = -u**2 + 4*u + 22. What is s(-5)?
-23
Let u(b) = 4*b + 1. Determine u(-9).
-35
Let b(m) = -m**3 + 6*m**2 + 15*m + 19. What is b(8)?
11
Let f(c) = c**3 + 23*c**2 + 22*c + 27. Give f(-22).
27
Let y(h) = 8*h + 1. Determine y(1).
9
Let i(g) = -g**3 + 12*g**2 + 17*g - 3. Calculate i(13).
49
Let l(j) = 3*j**3 - 13*j**2 + 6*j - 3. Give l(4).
5
Let h(m) = m**3 - 3*m**2 - m + 7. What is h(3)?
4
Let s(a) = a**3 - 18*a**2 + 18*a - 19. Determine s(17).
-2
Let a(i) = 2*i**2 - 13. Calculate a(0).
-13
Let c(f) = -2*f**2 + 24*f - 78. Give c(4).
-14
Let t(z) = z + 1. Determine t(5).
6
Let x(b) = 2*b**2 - 5*b - 3. Calculate x(4).
9
Let f(r) = r**3 - 11*r**2 + 12*r - 4. Calculate f(10).
16
Let b(v) = -v**2 + 14*v + 11. Calculate b(15).
-4
Let y(h) = -h**2 - 11*h - 5. Give y(-9).
13
Let q(d) = -d**2 + 25*d + 70. Calculate q(28).
-14
Let n(v) = v**3 - 4*v**2 - 2*v + 5. Give n(4).
-3
Let i(s) = -s**2 + 112*s - 540. Determine i(5).
-5
Let g(u) = 6*u - 125. What is g(20)?
-5
Let s(r) = -r**3 - 5*r**2 + 9. Give s(-5).
9
Let m(i) = 16*i + 9. What is m(-1)?
-7
Let n(j) = 3*j - 9. Give n(7).
12
Let v(b) = b**2 + 11*b - 8. Calculate v(-12).
4
Let u(p) = -10*p - 3. Give u(-5).
47
Let d(j) = -15*j**3 + j**2 - j. Calculate d(1).
-15
Let j(b) = -2*b**3 - 2*b**2 + b + 1. Calculate j(-3).
34
Let h(a) = -a**2 + 10*a + 11. Calculate h(10).
11
Let g(w) = 3*w**2 - 25*w - 173. What is g(13)?
9
Let p(m) = -3*m**3 - 14*m**2 - 4*m + 9. Calculate p(-4).
-7
Let m(v) = -v**2 - 9*v - 21. Give m(-5).
-1
Let c(x) = 2*x**2 + 13*x + 7. What is c(-6)?
1
Let n(h) = 29*h + 2. Determine n(1).
31
Let n(y) = 4*y - 8. Calculate n(-9).
-44
Let n(m) = m**2 + 11*m - 44. Calculate n(-14).
-2
Let f(c) = c**3 - 5*c**2 + 2*c + 4. Determine f(4).
-4
Let d(t) = -t**2 - 3*t + 26. Calculate d(4).
-2
Let d(v) = 11*v + 150. Determine d(-16).
-26
Let g(q) = 3*q**2 + 3*q + 2. Give g(-2).
8
Let t(k) = 8*k**2 + 2*k - 9. What is t(-4)?
111
Let w(g) = 54*g - 43. Give w(1).
11
Let w(j) = -3*j**3 + 70*j**2 - 17*j - 141. What is w(23)?
-3
Let a(f) = -81*f - 190. Give a(-2).
-28
Let f(z) = -z + 21. Give f(16).
5
Let s(q) = 4*q**2 - 19*q + 36. Calculate s(3).
15
Let k(x) = -x**2 - 13*x - 14. Determine k(-11).
8
Let w(p) = 3*p + 19. Determine w(13).
58
Let i(d) = 7*d**2 + 10*d - 9. What is i(-2)?
-1
Let a(s) = s + 18. Calculate a(19).
37
Let v(k) = k**2 - 8*k - 3. Determine v(8).
-3
Let d(n) = -33*n + 2. Calculate d(1).
-31
Let v(x) = -4*x - 57. What is v(-11)?
-13
Let i(v) = v**2 - v + 5. Give i(5).
25
Let b(i) = -4*i**2 + 2*i. Calculate b(2).
-12
Let k(g) = -5*g + 3. What is k(1)?
-2
Let o(s) = -s**2 - 7*s + 4. What is o(-6)?
10
Let t(u) = 3*u**2 - 7*u + 11. What is t(4)?
31
Let v(g) = -g**3 - 6*g**2 - 2*g + 14. What is v(-6)?
26
Let o(b) = -b**2 - 2*b + 4. Calculate o(-7).
-31
Let j(r) = 7*r - 78. Determine j(12).
6
Let o(j) = j**2 - 5*j - 9. Give o(7).
5
Let u(v) = -v**3 + 8*v**2 - 5*v - 10. Calculate u(7).
4
Let j(l) = -l - 20. Determine j(-11).
-9
Let z(d) = -5*d - 12. Calculate z(-5).
13
Let u(n) = 12*n**2 - 2*n + 1. Give u(-2).
53
Let q(r) = -2*r**2 + 28*r - 52. What is q(12)?
-4
Let d(a) = a**3 - 4*a**2 - 2. Calculate d(2).
-10
Let i(f) = -43*f - 47. What is i(-1)?
-4
Let y(r) = -2*r**2 - 17*r + 1. What is y(-9)?
-8
Let j(o) = 2*o - 4. What is j(-5)?
-14
Let j(f) = 7*f - 4. Give j(3).
17
Let a(q) = 2*q**3 + 3*q**2 - 4*q + 1. Calculate a(-3).
-14
Let a(r) = -r**2 - 50*r - 220. Determine a(-46).
-36
Let q(c) = -c**2 + 14*c + 40. What is q(-3)?
-11
Let p(h) = -h**2 - 5*h + 19. Calculate p(-8).
-5
Let z(b) = -b**3 + 32*b**2 - 84*b - 4. What is z(3)?
5
Let r(f) = f**3 - 14*f**2 - 30*f - 34. Determine r(16).
-2
Let t(q) = -q**3 + 32*q**2 - 32*q + 25. Determine t(31).
-6
Let p(w) = 10*w**3 + 2*w**2 + 6*w + 3. Determine p(-1).
-11
Let g(w) = 2*w + 11. Determine g(0).
11
Let c(t) = 2*t**2 + 8*t - 36. Calculate c(3).
6
Let d(a) = 2*a - 21. Determine d(14).
7
Let c(n) = -n**3 - 7*n**2 - 9. Determine c(-7).
-9
Let w(i) = -3*i**2 + 10*i - 4. Calculate w(4).
-12
Let q(g) = g**3 + 4*g**2 - 2*g + 2. Calculate q(-6).
-58
Let i(m) = m**2 - 12*m + 3. What is i(9)?
-24
Let k(h) = 10*h**2. Give k(-1).
10
Let d(t) = 23*t + 1. Calculate d(1).
24
Let y(k) = -10*k + 3. Determine y(2).
-17
Let q(h) = 2*h**2 - 33*h - 16. Determine q(17).
1
Let t(m) = 6*m - 11. What is t(-5)?
-41
Let c(s) = -s**2 + 352. Calculate c(-19).
-9
Let z(w) = 18*w**2 - 1. Give z(-1).
17
Let f(d) = -d - 6. Give f(-17).
11
Let l(a) = a**3 - 23*a**2 + 21*a + 29. Calculate l(22).
7
Let m(k) = k**3 - 7*k**2 + 5*k. Give m(5).
-25
Let o(t) = t**2 - 14*t + 5. Determine o(14).
5
Let r(q) = 6*q + 5. Calculate r(-4).
-19
Let q(l) = 4*l**2 + 67*l - 35. Calculate q(-18).
55
Let y(k) = -3*k**2 - 8*k - 1. What is y(4)?
-81
Let x(q) = -q**3 + 5*q**2 - 4*q - 4. Determine x(4).
-4
Let n(w) = -w**2 + 8*w - 8. Give n(0).
-8
Let z(s) = 3*s**3 + 10*s**2 - 11*s. What is z(1)?
2
Let a(x) = x**2 + 4*x + 12. What is a(-7)?
33
Let f(t) = t**3 + 3*t**2 + 5*t + 3. Calculate f(-2).
-3
Let x(s) = -s + 10. Give x(11).
-1
Let b(p) = p**3 - 5*p**2 - 3*p + 2. What is b(4)?
-26
Let x(m) = m - 2. What is x(-2)?
-4
Let h(c) = -87*c**2 + c - 2. What is h(1)?
-88
Let t(f) = 3*f - 2. What is t(9)?
25
Let k(b) = -b**3 + 47*b**2 + 4*b - 182. Give k(47).
6
Let z(n) = 2*n**3 - n**2 - 3*n. Give z(4).
100
Let y(z) = z**2 + z + 6. What is y(-2)?
8
Let a(b) = b**2 + 3*b - 27. Determine a(-5).
-17
Let p(x) = -x - 22. Determine p(-10).
-12
Let r(n) = n**2 + 4*n - 4. Determine r(0).
-4
Let o(k) = -k**2 + 5*k + 3. Determine o(4).
7
Let p(a) = -a**2 - 13*a - 37. What is p(-7)?
5
Let j(p) = p - 4. What is j(-1)?
-5
Let a(r) = 2*r - 2. What is a(2)?
2
Let b(y) = -y**3 + 7*y**2 - 6*y + 6. Calculate b(6).
6
Let j(a) = -a**3 + 6*a**2 - a - 1. Give j(3).
23
Let o(z) = z**3 + 22*z**2 + 22*z + 26. Give o(-21).
5
Let a(f) = -6*f + 5. Calculate a(8).
-43
Let l(m) = -23*m**2 - m - 1. Calculate l(-1).
-23
Let c(u) = -2*u**2 - 13*u + 6. Determine c(-6).
12
Let y(z) = -z**3 - 8*z**2 - 9*z - 10. Give y(-7).
4
Let u(b) = -48*b + 533. Calculate u(11).
5
Let n(p) = 2*p + 15. Calculate n(28).
71
Let u(x) = x**2 + 5*x - 2. Give u(-9).
34
Let b(m) = -m**3 - 8*m**2 - 8*m - 3. Give b(-7).
4
Let f(g) = g + 28. Determine f(-11).
17
Let x(r) = 13*r - 163. Determine x(13).
6
Let f(w) = w**3 + 7*w**2 - 41*w - 1. Calculate f(4).
11
Let l(x) = 4*x - 1. Calculate l(-5).
-21
Let d(z) = 8*z**3 + 3*z**2. Give d(-2).
-52
Let o(y) = 41*y - 659. Calculate o(16).
-3
Let g(a) = 11*a - 35. Determine g(3).
-2
Let s(t) = -t**3 + t**2 + 16*t - 7. Calculate s(6).
-91
Let y(u) = -5*u**2 + 2*u + 3. What is y(-1)?
-4
Let r(z) = 71*z**3 + z + 1. Give r(-1).
-71
Let h(p) = 3*p + 24. Calculate h(-10).
-6
Let o(p) = -17*p - 100. Determine o(0).
-100
Let o(s) = s**3 - 13*s**2 + 12*s + 7. What is o(12)?
7
Let q(g) = -5*g. What is q(-3)?
15
Let w(m) = 7*m**2 - 3*m - 2. What is w(-1)?
8
Let t(z) = 4*z + 9. Give t(-13).
-43
Let k(u) = u**2 + 11*u - 57. Give k(-15).
3
Let f(h) = -h**3 - h + 10. Determine f(0).
10
Let d(i) = 35*i + 311. Give d(-9).
-4
Let a(j) = -j**3 + 14*j**2 + 14*j + 31. Determine a(15).
16
Let n(j) = -j**3 + 9*j**2 - 31*j + 60. Determine n(5).
5
Let c(q) = -q + 4. Give c(7).
-3
Let b(n) = n - 63. What is b(33)?
-30
Let y(t) = 3*t**3 + 10*t**2 -